{"id":6,"date":"2009-03-09T16:09:45","date_gmt":"2009-03-09T15:09:45","guid":{"rendered":"http:\/\/www.karin-weber.com\/?page_id=6"},"modified":"2026-03-30T11:09:34","modified_gmt":"2026-03-30T09:09:34","slug":"startseite","status":"publish","type":"page","link":"https:\/\/www.karin-weber.com\/","title":{"rendered":"Startseite"},"content":{"rendered":"<p>Herzlich willkommen auf den Seiten der Tierarztpraxis Karin Weber.<\/p>\n<p><strong>Liebe Tierbesitzende<\/strong><\/p>\n<p><strong>Wir machen Osterpause! Vom 1. bis einschlie\u00dflich 7. April 2026 findet keine Sprechstunde statt. Im Notfall bin ich erreichbar, bitte den Anrufbeantworter fragen: 07773\/936090.<\/strong><\/p>\n<p>seit 2019 bieten wir nur Terminsprechstunde! Bitte vereinbaren Sie einen Termin (telefonisch oder per E-Mail).<\/p>\n<p>DANKE!<\/p>\n<p><strong>WIR SIND 2019 UMGEZOGEN!!<\/strong><\/p>\n<p>Sie finden uns<\/p>\n<p><strong>Im G\u00e4nseried 17\u00a0 in Bodman.<\/strong><\/p>\n<p>Auf unserer Web-Pr\u00e4senz finden Sie Informationen rund um die Praxis und Wissenswertes f\u00fcr Tierhalter. Nat\u00fcrlich freuen wir uns auf Ihren pers\u00f6nlichen Besuch in Bodman.<\/p>\n","protected":false},"excerpt":{"rendered":"<p>Herzlich willkommen auf den Seiten der Tierarztpraxis Karin Weber. Liebe Tierbesitzende Wir machen Osterpause! Vom 1. bis einschlie\u00dflich 7. April 2026 findet keine Sprechstunde statt. Im Notfall bin ich erreichbar, bitte den Anrufbeantworter fragen: 07773\/936090. seit 2019 bieten wir nur &hellip; <a href=\"https:\/\/www.karin-weber.com\/\">Weiterlesen <span class=\"meta-nav\">&rarr;<\/span><\/a><\/p>\n","protected":false},"author":1,"featured_media":0,"parent":0,"menu_order":0,"comment_status":"closed","ping_status":"closed","template":"","meta":[],"_links":{"self":[{"href":"https:\/\/www.karin-weber.com\/index.php?rest_route=\/wp\/v2\/pages\/6"}],"collection":[{"href":"https:\/\/www.karin-weber.com\/index.php?rest_route=\/wp\/v2\/pages"}],"about":[{"href":"https:\/\/www.karin-weber.com\/index.php?rest_route=\/wp\/v2\/types\/page"}],"author":[{"embeddable":true,"href":"https:\/\/www.karin-weber.com\/index.php?rest_route=\/wp\/v2\/users\/1"}],"replies":[{"embeddable":true,"href":"https:\/\/www.karin-weber.com\/index.php?rest_route=%2Fwp%2Fv2%2Fcomments&post=6"}],"version-history":[{"count":85,"href":"https:\/\/www.karin-weber.com\/index.php?rest_route=\/wp\/v2\/pages\/6\/revisions"}],"predecessor-version":[{"id":474,"href":"https:\/\/www.karin-weber.com\/index.php?rest_route=\/wp\/v2\/pages\/6\/revisions\/474"}],"wp:attachment":[{"href":"https:\/\/www.karin-weber.com\/index.php?rest_route=%2Fwp%2Fv2%2Fmedia&parent=6"}],"curies":[{"name":"wp","href":"https:\/\/api.w.org\/{rel}","templated":true}]}}